git of 83803225?
2
What is the units digit of 149799060?
0
What is the tens digit of 6218642?
4
What is the thousands digit of 989550717?
0
What is the units digit of 4318794?
4
What is the millions digit of 101911864?
1
What is the units digit of 3533761006?
6
What is the ten millions digit of 2516479269?
1
What is the ten millions digit of 220863948?
2
What is the hundreds digit of 2577038239?
2
What is the tens digit of 671479186?
8
What is the billions digit of 3666694174?
3
What is the tens digit of 33044103?
0
What is the thousands digit of 2615979319?
9
What is the hundred thousands digit of 7491689?
4
What is the hundred thousands digit of 2412230908?
2
What is the units digit of 1711262?
2
What is the hundreds digit of 218671155?
1
What is the hundred thousands digit of 62994927?
9
What is the thousands digit of 20809718?
9
What is the hundreds digit of 75070547?
5
What is the units digit of 357828482?
2
What is the ten millions digit of 181559536?
8
What is the ten thousands digit of 593169283?
6
What is the thousands digit of 20962296?
2
What is the hundred millions digit of 192968968?
1
What is the hundreds digit of 86650140?
1
What is the ten millions digit of 3349074300?
4
What is the hundred millions digit of 436622919?
4
What is the ten millions digit of 526780749?
2
What is the units digit of 65136513?
3
What is the hundreds digit of 262720297?
2
What is the units digit of 565622933?
3
What is the units digit of 5045457314?
4
What is the hundreds digit of 39932769?
7
What is the hundred thousands digit of 7518477?
5
What is the ten thousands digit of 689118590?
1
What is the hundred thousands digit of 595160301?
1
What is the units digit of 140795690?
0
What is the ten millions digit of 92220773?
9
What is the hundreds digit of 7206191671?
6
What is the ten thousands digit of 33257115?
5
What is the hundred thousands digit of 185782122?
7
What is the hundreds digit of 46415196?
1
What is the tens digit of 8871992?
9
What is the ten millions digit of 1081580468?
8
What is the ten thousands digit of 677591961?
9
What is the ten thousands digit of 6314078?
1
What is the ten millions digit of 8269968333?
6
What is the ten millions digit of 382189435?
8
What is the billions digit of 2326680723?
2
What is the millions digit of 2944491481?
4
What is the billions digit of 1629944952?
1
What is the ten millions digit of 442729607?
4
What is the ten millions digit of 290560912?
9
What is the millions digit of 116934611?
6
What is the hundred millions digit of 300103674?
3
What is the ten millions digit of 56701327?
5
What is the millions digit of 2224134099?
4
What is the tens digit of 132881446?
4
What is the units digit of 808009972?
2
What is the hundreds digit of 663776745?
7
What is the billions digit of 1389616620?
1
What is the tens digit of 16432494?
9
What is the hundreds digit of 2959435?
4
What is the ten millions digit of 2887818322?
8
What is the tens digit of 724834524?
2
What is the hundred thousands digit of 77552195?
5
What is the thousands digit of 2069702827?
2
What is the thousands digit of 239522120?
2
What is the hundreds digit of 145655860?
8
What is the ten thousands digit of 760928076?
2
What is the hundreds digit of 643608701?
7
What is the hundreds digit of 5032130647?
6
What is the hundred millions digit of 120589142?
1
What is the ten millions digit of 226645781?
2
What is the millions digit of 4148234578?
8
What is the ten thousands digit of 45418428?
1
What is the hundred thousands digit of 5195131?
1
What is the hundred millions digit of 207253332?
2
What is the tens digit of 68740549?
4
What is the hundreds digit of 12460934?
9
What is the units digit of 21962516?
6
What is the millions digit of 25311649?
5
What is the units digit of 156616540?
0
What is the thousands digit of 2108397048?
7
What is the tens digit of 15517243?
4
What is the hundreds digit of 1205428668?
6
What is the hundred thousands digit of 3237934331?
9
What is the tens digit of 508461083?
8
What is the hundred thousands digit of 608554452?
5
What is the units digit of 54294808?
8
What is the ten thousands digit of 2638374507?
7
What is the hundred millions digit of 4243390019?
2
What is the ten millions digit of 293252748?
9
What is the tens digit of 2431995669?
6
What is the ten millions digit of 966218267?
6
What is the thousands digit of 18575346?
5
What is the thousands digit of 2492668332?
8
What is the hundreds digit of 307983681?
6
What is the units digit of 4224828652?
2
What is the millions digit of 597278734?
7
What is the billions digit of 4333739180?
4
What is the ten millions digit of 46893614?
4
What is the millions digit of 56235905?
6
What is the ten thousands digit of 545824119?
2
What is the tens digit of 717502410?
1
What is the tens digit of 94135561?
6
What is the ten thousands digit of 5543423241?
2
What is the hundred thousands digit of 641077309?
0
What is the millions digit of 383114010?
3
What is the ten millions digit of 234872867?
3
What is the hundreds digit of 2131106316?
3
What is the hundred thousands digit of 216271400?
2
What is the units digit of 50284698?
8
What is the millions digit of 16445037?
6
What is the thousands digit of 451780996?
0
What is the hundred thousands digit of 547374457?
3
What is the ten thousands digit of 5221695214?
9
What is the hundred thousands digit of 1017423508?
4
What is the hundreds digit of 44476500?
5
What is the billions digit of 8468885247?
8
What is the ten thousands digit of 168450903?
5
What is the billions digit of 1746776609?
1
What is the millions digit of 184213199?
4
What is the ten millions digit of 35803078?
3
What is the millions digit of 62523101?
2
What is the tens digit of 50151215?
1
What is the tens digit of 1553141257?
5
What is the ten thousands digit of 72368597?
6
What is the thousands digit of 512629240?
9
What is the tens digit of 4593629234?
3
What is the units digit of 35487432?
2
What is the ten thousands digit of 33505341?
0
What is the millions digit of 44691310?
4
What is the ten thousands digit of 26142837?
4
What is the ten thousands digit of 25590088?
9
What is the hundred thousands digit of 58308327?
3
What is the tens digit of 91076559?
5
What is the ten millions digit of 798781455?
9
What is the hundred millions digit of 106785196?
1
What is the thousands digit of 197753429?
3
What is the thousands digit of 43550171?
0
What is the ten millions digit of 127511264?
2
What is the hundreds digit of 95446053?
0
What is the millions digit of 1389954802?
9
What is the hundred millions digit of 190564639?
1
What is the ten millions digit of 1071170170?
7
What is the thousands digit of 11301141?
1
What is the units digit of 4759242196?
6
What is the hundred thousands digit of 267588907?
5
What is the ten thousands digit of 4075281665?
8
What is the millions digit of 2807315110?
7
What is the thousands digit of 699227376?
7
What is the units digit of 329642475?
5
What is the ten millions digit of 4719290282?
1
What is the tens digit of 88484392?
9
What is the ten millions digit of 38451541?
3
What is the tens digit of 1137788888?
8
What is the tens digit of 150782628?
2
What is the hundreds digit of 225493632?
6
What is the units digit of 2910586375?
5
What is the tens digit of 13368738?
3
What is the ten millions digit of 164806318?
6
What is the hundreds digit of 57190273?
2
What is the ten millions digit of 442581362?
4
What is the tens digit of 2539211443?
4
What is the hundred millions digit of 856915581?
8
What is the hundreds digit of 82541553?
5
What is the units digit of 796956148?
8
What is the thousands digit of 351666819?
6
What is the hundreds digit of 119324237?
2
What is the hundreds digit of 5251115?
1
What is the hundreds digit of 20723368?
3
What is the hundred thousands digit of 161992263?
9
What is the tens digit of 2894257339?
3
What is the units digit of 36780454?
4
What is the hundreds digit of 42047382?
3
What is the millions digit of 2370176716?
0
What is the ten thousands digit of 8294751?
9
What is the hundreds digit of 16678747?
7
What is the hundreds digit of 84298549?
5
What is the hundreds digit of 12398635?
6
What is the ten thousands digit of 254031476?
3
What is the millions digit of 29493543?
9
What i